it of w?
5
Let m = -211 + 441. What is the hundreds digit of m?
2
Suppose -2*l + 94 = 4*k - 0*l, -5*l = -3*k + 90. Suppose 3 = 2*o - k. What is the units digit of (0 + o)/(2 - 0)?
7
Suppose -4*h + 36 = -28. Let w = 26 - h. What is the tens digit of w?
1
Suppose -k - 4*r + 100 = 0, -4*k + 64 = 2*r - 350. What is the units digit of k?
4
Let d = 2 - -1. Suppose 4*s - 22 = d*i - 5*i, -2*i + 24 = 2*s. What is the tens digit of i?
1
Let h = 5 - -7. What is the units digit of h?
2
Let b be (-4)/3 + (-2)/(-6). Let x be 9/(-4) - 5/(-20). What is the units digit of b*(-7 + 0/x)?
7
Let v(m) = m**2 - 10*m + 12. Let r be v(9). Let d(p) = 7*p**2 - 2*p - 3*p + 0*p - p**r - 7. What is the tens digit of d(5)?
1
Let a(g) = 146*g - 2. Let h be a(1). Suppose 4*r + 4*f = h, -5*f = 2*r - 2*f - 77. What is the tens digit of r?
3
Let p(q) be the first derivative of -q**3/3 + 5*q**2/2 + 8*q - 1. Let c be p(6). Suppose -c*r + 18 = r. What is the units digit of r?
6
Let p(n) = 2*n - 9. Let j be p(6). Let h = 2 + -1. What is the units digit of -5*h/((-5)/j)?
3
Suppose -2*d = 8 - 2. What is the units digit of 2/4*(77 + d)?
7
Let b = -66 - -112. What is the units digit of b?
6
Suppose 4 = b - 0*b. Suppose -b*i - 10 = -2. What is the units digit of -3 - (-1 + 3*i)?
4
Let o(v) = -v**2 + 8*v + 5. Let x(d) = d - 1. Let t(k) = -o(k) + 5*x(k). What is the tens digit of t(7)?
1
What is the tens digit of -3 - -53 - (-2 + 4)?
4
Suppose -h - 6 + 0 = 0. Let g = 4 - h. What is the tens digit of g?
1
Let n(x) = x**3 - 4*x**2 + 2*x - 1. Let q be n(3). Let k be (-10)/(-4) - (-2)/q. What is the tens digit of 1/(-2)*k - -15?
1
Suppose -2*q + 229 = 51. What is the tens digit of q?
8
Let c(g) = -g**2 + 15*g - 17. Let t = 34 - 21. What is the units digit of c(t)?
9
Let j be (-8)/(-28) - (-5)/7. Suppose -3 = -4*c + j. What is the units digit of c?
1
Let u = -147 - -428. What is the hundreds digit of u?
2
Let w(s) = -s**3 - 10*s**2 - 5*s - 10. What is the units digit of w(-10)?
0
Let m(d) be the third derivative of d**7/2520 - d**6/360 + d**5/20 + 3*d**2. Let x(o) be the third derivative of m(o). What is the units digit of x(6)?
0
Let a(g) = -g**2 + g + 37. Let l be a(0). Let c = -17 - -71. Let m = c - l. What is the tens digit of m?
1
Suppose -5*g = 4*c - 157, -c - 23 - 61 = -3*g. What is the units digit of g?
9
Suppose 0 = -3*l + 3*u - 7*u + 593, 4*u = 2*l - 382. What is the tens digit of l?
9
Let h = 832 + -591. What is the tens digit of h?
4
Let m(z) = 2*z**2 - 2*z - 7. Suppose 5*f - 40 = -5*i, -2*i - 4 = -3*i. What is the tens digit of m(f)?
1
Suppose a = 2 + 2. Suppose q - 25 = -a*q. Let c = q - 3. What is the units digit of c?
2
Let v = 12 + -11. What is the units digit of v?
1
Let y(m) be the second derivative of 11*m**4/24 - m**3/6 + m**2/2 + m. Let f(n) be the first derivative of y(n). What is the units digit of f(1)?
0
Let f be ((-5)/2)/(1/(-2)). Suppose 0 = -f*o + o + 8. What is the units digit of o?
2
What is the tens digit of 375 + 0 - (-3 + (-3 - -2))?
7
Let h = -3 - 6. Let a = -5 - h. Suppose 5*b + a - 44 = 0. What is the units digit of b?
8
Suppose 5*y - 602 = 203. What is the tens digit of y?
6
Let j be -2 - (0/1 - -3). Let k = j - -4. Let s = k - -8. What is the units digit of s?
7
Let g(b) be the first derivative of -1/2*b**2 - 2*b - 1. What is the units digit of g(-4)?
2
Let y(r) be the first derivative of r**2/2 + 17*r - 2. What is the units digit of y(-13)?
4
Let c be (-6 - -1)*16/(-10). Let t = c + -5. Suppose -l = -t - 8. What is the tens digit of l?
1
Let v be (5 + -1)*(-5 + 4). Let z = v - -10. Let n(x) = x**2 - 5*x - 3. What is the units digit of n(z)?
3
Let k be (4 + -1)*30/18. What is the tens digit of (4/k)/(1/20)?
1
Suppose a = 5*a - 72. What is the tens digit of a?
1
Let d be (2/(-4))/(1/(-4)). Suppose d*s - 2 - 2 = -2*o, s = -3*o - 2. Suppose 10 = b - s. What is the tens digit of b?
1
Let f = 241 + -395. What is the units digit of (f/(-21))/(2/3)?
1
Suppose 2*d = -5*b + 267, -3*d + 4*b + 366 = -0*b. What is the tens digit of d?
2
Suppose 0 = 4*r + g - 239, -r + 3*r - 117 = -3*g. What is the units digit of r?
0
Let a(i) = 3*i**2 + 4*i. What is the tens digit of a(-3)?
1
Let k(y) = -y**3 + 4*y**2 - 4*y - 9. Let l(o) = o**3 - 5*o**2 + 4*o + 10. Let h(j) = 6*k(j) + 5*l(j). What is the tens digit of h(-3)?
2
Suppose l - j + 10 = 2, 2*j - 23 = 3*l. Let f = l + 9. What is the units digit of f?
2
Let z be 28/(-6) + 4/6. Let t be (-1)/(-2) + 18/z. Let d = 10 + t. What is the units digit of d?
6
Let z(b) be the second derivative of -1/6*b**4 + 3*b - 11/10*b**5 - 1/3*b**3 - 1/2*b**2 + 0. What is the tens digit of z(-1)?
2
Let o be 44/(-10) - (-6)/15. Let v be o/(-5)*855/6. What is the units digit of v/10 - 4/10?
1
Let b(d) = -d. Let u(f) = -5*f + 4. Let i(w) = 4*w - 4. Let m(x) = -4*i(x) - 3*u(x). Let p(r) = -2*b(r) + m(r). What is the units digit of p(9)?
3
Suppose -2*z + 7 = -17. What is the tens digit of z?
1
Let d = 134 + -75. What is the tens digit of d?
5
Let z(h) = -h**3 + 6*h**2 + 8*h - 3. Let d be z(7). Suppose d*x - 16 = 8. What is the units digit of x?
6
Suppose -5*x - 19 = -3*q, q + x = 2*q - 9. What is the tens digit of q?
1
Suppose -5 = -2*k - 1. Suppose 0 = k*t - 6*t + 4*q + 36, -3*q + 64 = 4*t. What is the units digit of t?
3
Suppose 5 - 94 = -3*x + 5*n, -2*x = 3*n - 72. Suppose 3*c - x = 9. Suppose 0 = 4*v - 3*v - c. What is the tens digit of v?
1
Suppose -4*p - p = 55. Let b(h) = -h**3 - 10*h**2 + 10*h. What is the tens digit of b(p)?
1
What is the units digit of 36 - (38/(-10) + (-4)/20)?
0
Let t(k) = 10*k + 1. Let h(b) = b + 7. Let x be h(-6). Let u be t(x). What is the units digit of u + 0 + 0/4?
1
Suppose -2*p - p = -2*l + 432, -3*p = 3*l - 633. What is the units digit of l?
3
Let m be 0 - 0 - (8 + -8). Let n(d) = d**2 + d + 25. What is the units digit of n(m)?
5
Suppose 3*g = 406 + 50. What is the hundreds digit of g?
1
Suppose -3*a + 27 = -0*a - 3*t, 3*a + 3*t - 33 = 0. What is the tens digit of a?
1
Let q be 4/(-6) - 224/24. Let l = q + 31. What is the units digit of l?
1
Let x = 1 + 1. What is the units digit of 186/15 + x/(-5)?
2
Let x be ((-6)/4)/(2/(-4)). Suppose 5*f + x*r - 28 = 10, -2*r - 26 = -4*f. What is the units digit of f?
7
Let f(i) = i - 6. Let a(b) = b**2 - b. Let z be a(-1). Suppose 21 = z*m + m. What is the units digit of f(m)?
1
Let j(r) be the third derivative of r**6/120 - 7*r**5/60 + r**4/3 - r**3 - r**2. Let w be (-10)/(-6)*(-180)/(-50). What is the units digit of j(w)?
6
Suppose 2*u - 3 = -3*j, j = 3*u + 2*u - 50. Suppose u*z = 4*z + 55. What is the tens digit of z?
1
Let k = 32 - 14. What is the units digit of k?
8
Suppose -6*s = -s. Suppose s = 3*i + i - 72. What is the tens digit of i?
1
Suppose 4*n = 5*q - 40, -5 + 2 = -2*q - n. Let y be (0 + -1)/(-1)*0. Suppose h + q*h - 15 = y. What is the units digit of h?
3
Let i(y) = y. Let u be i(2). Suppose -16 = -u*t + 5*x, 3*x + 12 + 3 = 3*t. Suppose 2 = p - t. What is the units digit of p?
5
What is the units digit of (-1 - 4 - -2) + 36?
3
Let b(c) = -2*c. Let x(z) = -8*z + 3. Let u(q) = 10*b(q) - 2*x(q). Let m = -23 + 19. What is the units digit of u(m)?
0
Suppose -2 = 5*g + 8. What is the units digit of g + (-6)/(-1) - -1?
5
Let c = 3 - 19. Let f be (-6)/9*(-1 - c). What is the units digit of 3/(1/(f/(-6)))?
5
Suppose 11 - 26 = -5*c. Suppose 2*o + 0 = 8. Let n = o - c. What is the units digit of n?
1
Let x be (3*-1)/(3/34). Let c = 50 + x. Suppose -h - h = -c. What is the units digit of h?
8
Let c(t) = -2*t - 10. Let f be 6/(-2 - -5) + -4. Let m be 1/f + (-52)/8. What is the units digit of c(m)?
4
Suppose 2*n + 4*i = 52, -n + 3*i = -2*n + 21. Let m be n/(-4) + -1*1. Let y = -4 - m. What is the units digit of y?
6
Let y(k) be the second derivative of -k**5/20 + k**4/3 + 5*k**3/6 + 7*k**2/2 + k. Let j = 16 + -11. What is the units digit of y(j)?
7
Suppose -6*n + 35 = -n. Let v(l) = 2*l - 3. What is the units digit of v(n)?
1
Let k(t) = -t**3 - 8*t**2. Let s be k(-8). Suppose -4*c + 708 = -s*f + 2*f, 5*c - 4*f - 885 = 0. What is the units digit of c/18 + 2/12?
0
Let u be (6/(-4) + 1)*-10. Suppose -5*p - 5*a = 0, 2*a + 8 = u*p + 3*a. What is the units digit of p?
2
Let i = 592 - 338. What is the hundreds digit of i?
2
Suppose m + 4*m - 75 = 0. What is the tens digit of m?
1
